3. Calculate l(13).
-62
Let o(k) = -12*k - 123. Calculate o(-9).
-15
Let j(q) = q**3 - 7*q**2 - 8*q - 18. What is j(7)?
-74
Let q(y) = -3*y**2 + 1. What is q(-1)?
-2
Let k(v) = 11*v - 50. Determine k(6).
16
Let u(h) = h**2 - 5*h - 49. Calculate u(9).
-13
Let h(b) = b**2 - 21*b + 13. Give h(19).
-25
Let s(v) = -v**2 - 10*v - 9. Give s(-9).
0
Let y(c) = -c**2 + 6*c + 1. Give y(7).
-6
Let p(i) = -i**2 + 25*i - 1. Determine p(17).
135
Let m(u) = 24*u**2 - 2*u - 2. Calculate m(-1).
24
Let f(j) = 4*j + 11. What is f(-5)?
-9
Let l(o) = o + 83. What is l(-5)?
78
Let j(z) = z**3 - 15*z**2 - 35*z + 11. Determine j(17).
-6
Let p(h) = h**3 + 16*h**2 + 9. Determine p(-16).
9
Let d(r) = -2*r - 15. What is d(-8)?
1
Let p(w) = -w**3 - 4*w**2 + w - 3. What is p(-4)?
-7
Let j(g) = -g**2 - 10*g + 12. Give j(-12).
-12
Let s(u) = -10*u + 18. What is s(2)?
-2
Let t(n) = 2*n**3 - 2*n**2 - 1. Give t(-2).
-25
Let a(k) = 2*k - 3. Give a(6).
9
Let r(l) = 4*l - 19. Determine r(5).
1
Let g(k) = -k**3 + 7*k**2 + 7*k - 12. Give g(8).
-20
Let o(l) = -l**3 + 5*l**2 + 3*l - 5. Calculate o(4).
23
Let g(k) = 4*k + 4. Calculate g(-9).
-32
Let r(n) = 12*n - 57. Give r(5).
3
Let s(c) = -2*c**3 + 3*c**2 - c + 2. What is s(3)?
-28
Let i(j) = j**2 - 19*j - 9. Give i(19).
-9
Let h(c) = 9*c + 22. Give h(-7).
-41
Let q(r) = -3*r**2 - 127*r - 28. Give q(-42).
14
Let j(v) = -5*v - 17. Determine j(-4).
3
Let m(f) = -f**3 + 16*f**2 + 34*f - 4. Calculate m(18).
-40
Let m(x) = 17*x - 97. Give m(5).
-12
Let c(a) = -4*a**2 - a + 4. What is c(-3)?
-29
Let f(o) = -3*o**3 + 3*o**2 - o + 3. What is f(2)?
-11
Let i(q) = -q**3 + 6*q**2 + 3. What is i(7)?
-46
Let s(o) = 2*o**3 + 16*o**2 - 3. Determine s(-8).
-3
Let c(j) = 11*j**3 - j - 1. Determine c(-1).
-11
Let c(i) = i**3 - 9*i**2 + 20*i - 11. Determine c(5).
-11
Let f(h) = -9*h - 111. Calculate f(-14).
15
Let y(h) = -4*h + 10. Give y(3).
-2
Let x(h) = h**3 + 10*h**2 - 9*h - 92. Give x(-10).
-2
Let x(b) = b**2 - b - 38. Give x(7).
4
Let k(d) = 9*d + 121. What is k(-14)?
-5
Let r(q) = 19*q + 332. What is r(-18)?
-10
Let m(k) = -k**2 + 27*k - 105. What is m(5)?
5
Let s(y) = 11*y - 15. Give s(2).
7
Let v(r) = -r - 7. Determine v(17).
-24
Let j(i) = -6*i - 46. Calculate j(-14).
38
Let y(o) = -3*o - 1. Determine y(-4).
11
Let i(d) = -d**2 + 7*d - 2. What is i(7)?
-2
Let t(b) = b + 22. What is t(-16)?
6
Let a(f) = -f**2 + 5*f - 9. What is a(7)?
-23
Let j(m) = 2*m**2 + 3*m - 1. Calculate j(-3).
8
Let u(v) = -v**3 + v**2 + 2*v - 2. What is u(2)?
-2
Let o(x) = 11*x + 1. Give o(1).
12
Let p(h) = 3*h + 17. What is p(-2)?
11
Let v(a) = -a**2 - 23*a - 5. Determine v(-23).
-5
Let r(b) = 2*b + 79. Determine r(-23).
33
Let i(p) = -p**3 + 34*p**2 + 33*p + 65. Calculate i(35).
-5
Let c(x) = -2*x - 81. Determine c(-16).
-49
Let k(d) = -7*d + 10. Calculate k(3).
-11
Let p(s) = -s + 18. Determine p(15).
3
Let g(u) = -u**2 + 19*u + 117. Determine g(24).
-3
Let v(o) = -o**3 - 5*o**2 + 10*o + 8. Calculate v(-6).
-16
Let t(f) = f**3 + 12*f**2 - 2*f - 18. Give t(-12).
6
Let i(j) = 2*j + 9. Calculate i(-8).
-7
Let y(s) = 7*s + 21. Calculate y(-4).
-7
Let c(y) = 2*y - 19. Give c(-25).
-69
Let w(h) = -5*h**2 + 75*h + 4. Determine w(15).
4
Let l(g) = 8*g**2 + 283*g - 176. Give l(-36).
4
Let i(l) = -l**3 - 9*l**2 + 4*l + 36. What is i(-9)?
0
Let x(s) = s**2 - 7*s + 5. Give x(9).
23
Let x(f) = f**3 + 6*f**2 + f - 10. Calculate x(-5).
10
Let h(a) = 14*a**2 + a - 1. Determine h(1).
14
Let n(i) = 18*i + 4. Give n(-2).
-32
Let h(i) = 2*i**3 - 5*i**2 + 3*i - 1. Calculate h(3).
17
Let m(u) = 3*u + 5. Determine m(5).
20
Let n(r) = -2*r**2 - 44*r + 33. Determine n(-23).
-13
Let m(j) = -j**3 + 16*j**2 - 15*j + 5. What is m(15)?
5
Let d(q) = -q**2 - 17*q - 30. Give d(-17).
-30
Let a(i) = -2*i**2 + 20*i + 10. Calculate a(12).
-38
Let l(i) = 2*i - 32. Give l(11).
-10
Let s(k) = -k**3 + 17*k**2 - 34*k + 63. What is s(15)?
3
Let y(h) = -h**2 - 28*h - 120. What is y(-26)?
-68
Let b(d) = d**3 + 6*d**2 + 4*d + 7. Give b(-4).
23
Let n(o) = o**3 + 5*o**2 + 3*o - 5. Give n(-4).
-1
Let s(c) = c**2 - c + 6. Give s(5).
26
Let c(v) = 4*v**2 + v + 3. Give c(3).
42
Let a(p) = 5*p**2 + 2*p + 1. What is a(-1)?
4
Let k(q) = -q**3 + 9*q**2 - 16*q + 9. What is k(7)?
-5
Let b(o) = 2*o**2 - 4*o - 5. Calculate b(6).
43
Let h(g) = g**2 + 5*g - 81. Give h(-12).
3
Let o(k) = -k**2 + 30*k - 90. Calculate o(27).
-9
Let w(p) = p**2 + p + 1. Calculate w(-2).
3
Let c(k) = -2*k**2 + 13*k + 7. Give c(7).
0
Let q(f) = f**2 + 3*f - 12. What is q(-7)?
16
Let k(p) = -p**3 + 9*p**2 + 2. Determine k(9).
2
Let l(o) = 230*o + 3. Give l(-1).
-227
Let j(x) = x**2 - 2*x. Give j(1).
-1
Let k(z) = z**3 + 8*z**2 + 7*z + 14. Give k(-7).
14
Let q(m) = m**3 - 20*m**2 + 17*m + 41. Calculate q(19).
3
Let v(o) = 17*o + 10. What is v(-2)?
-24
Let p(j) = 24*j - 161. Calculate p(7).
7
Let n(i) = 6*i - 89. Calculate n(18).
19
Let p(z) = -z**3 - 4*z**2 - 4*z - 3. Calculate p(-2).
-3
Let l(w) = -3*w + 11. Give l(-6).
29
Let d(l) = l**3 + 64*l**2 - 122*l + 667. Calculate d(-66).
7
Let h(z) = -z - 18. Determine h(16).
-34
Let m(u) = u**3 - u**2 - 7*u + 7. Calculate m(4).
27
Let d(r) = -r**3 - 20*r**2 + 120*r - 124. Give d(-25).
1
Let n(y) = -3*y + 4. Calculate n(-4).
16
Let j(v) = -4*v**2 + 14*v + 1. Determine j(3).
7
Let d(f) = -f - 11. Determine d(-11).
0
Let a(z) = z**3 - 13*z**2 - 19*z + 19. Determine a(14).
-51
Let r(n) = -7*n**2 + 103*n + 26. What is r(15)?
-4
Let l(z) = z**2 + z. Determine l(3).
12
Let w(k) = k + 2. Give w(20).
22
Let l(c) = c**2 + c + 3. Give l(-4).
15
Let g(j) = -12*j**3 + 2*j - 1. Give g(2).
-93
Let n(i) = 13*i + 15. Give n(-4).
-37
Let j(m) = -m**3 - 17*m**2 + 2*m + 29. What is j(-17)?
-5
Let j(z) = -z - 3. Determine j(3).
-6
Let g(v) = -v**3 + 5*v**2 + 8*v - 4. Determine g(8).
-132
Let c(j) = -2*j**2 + 16*j - 29. Calculate c(5).
1
Let z(q) = -19*q + 163. What is z(9)?
-8
Let w(r) = 2*r**2 - 2*r + 1. Give w(2).
5
Let i(n) = n - 32. Give i(18).
-14
Let u(q) = 5*q + 16. Calculate u(-5).
-9
Let n(l) = -l**3 + 2*l**2 - 2*l + 2. Give n(1).
1
Let h(c) = -c**3 + c**2 - 2. What is h(-3)?
34
Let n(l) = l**3 - 4*l + 6. Determine n(4).
54
Let x(u) = -36*u - 496. Give x(-14).
8
Let a(l) = -l**2 + 22*l + 11. Determine a(22).
11
Let s(a) = -a**3 + 9*a**2 - 9*a + 4. What is s(7)?
39
Let c(o) = o**3 - 8*o**2 + o + 4. Calculate c(4).
-56
Let f(t) = t**2 - 22*t + 38. Calculate f(22).
38
Let s(k) = -15*k + 1048. Calculate s(70).
-2
Let f(k) = -7*k**2 + k - 2. What is f(2)?
-28
Let d(v) = v**3 + 10*v**2 + 12*v - 1. Give d(-9).
-28
Let w(f) = 2*f - 97. Calculate w(0).
-97
Let p(v) = v**3 - 54*v**2 + 57*v - 218. What is p(53)?
-6
Let w(d) = -d**3 + 25*d**2 + 25*d - 35. Determine w(26).
-61
Let i(x) = -x**2 + 2*x + 122. Give i(-9).
23
Let u(m) = 2*m**2 - 26*m - 29. Determine u(14).
-1
Let c(q) = q + 1. What is c(-1)?
0
Let b(q) = -q**3 + 32*q**2 - 31*q + 10. What is b(31)?
10
Let p(n) = -16*n**3 + n**2 + 4*n + 2. Give p(-1).
15
Let r(n) = -2*n**3 - 12*n**2 + 15*n + 82. What is r(-6)?
-8
Let h(n) = n**3 - 8*n**2 - 4*n - 5. Calculate h(9).
40
Let l(v) = -2*v - 59. Determine l(-30).
1
Let r(d) = -d - 17. Give r(-5).
-12
Let g(y) = y**2 + 7*y + 14. Give g(-4).
2
Let t(f) = f**2 + 5*f + 8. Give t(-6).
14
Let y(p) = p**3 - 20*p**2 + 21*p - 10. What is y(19)?
28
Let b(h) = -h**3 - 20*h**2 - 16*h + 17. Determine b(-19).
-40
Let s(u) = -4*u**2 - 36*u - 58. Determine s(-6).
14
Let p(s) = s**3 + s**2 + 2*s - 7. Determine p(0).
-7
Let p(m) = m**2 - 11*m - 11. Give p(12).
1
Let b(d) = d**2 + 3*d - 1. Calculate b(-5).
9
Let m(i) = -i**2 + 9*i + 25. Calculate m(10).
15
Let u(t) = t**3 - 6*t**2 + t + 1. Determine u(4).
-27
Let t(o) = -10*o**2 + 10. Give t(0).
10
Let q(l) = 5*l + 21. What is q(-4)?
1
Let p(t) = t**3 - 10*t**2 - 17*t + 8. Determine p(11).
-58
Let g(n) = -25*n + 329. What is g(13)?
4
Let p(m) = -5*m**3 + 3*m**2 - m - 1. Determine p(2).
-31
Let n(v) = v**2 + 8*v. What is n(-10)?
20
Let g(j) = -j**3 - 17*j**2 + 18*j + 1. Give g(-18).
1
Let c(m) = -4*m + 70. Calculate c(16).
6
Let c(m) = 6*m + 3. Determine c(-1).
-3
Let k(c) = -6*c + 52. What is k(9)?
-2
Let r(g) = g**2 - 2*g - 8. Give r(5).
7
Let q(p) = -5*p**2 - 9*p - 9. What is q(-5)?
-89
Let z(g) = 57*g + 3. Calculate z(-1).
-54
Let n(u) = -16*u**3 + 3*u**2 + 5*u + 3. Give n(-1).
17
Let f(a) 